3 - 6*p**2 - 25*p - 290. Determine j(-7).
-66
Let d(u) = -u**3 + 9*u**2 + 15*u + 66. What is d(10)?
116
Let s(b) = -16*b - 458. Determine s(-28).
-10
Let u(t) = 2*t**3 + 13*t**2 + 12*t + 7. Determine u(-5).
22
Let l(p) = -p**2 - 62*p - 429. What is l(-26)?
507
Let c(d) = -d**2 - 9*d + 111. Calculate c(7).
-1
Let o(x) = 76*x - 12706. Give o(167).
-14
Let z(w) = -840*w + 8396. What is z(10)?
-4
Let y(c) = c**3 - 14*c**2 + 40*c - 203. What is y(12)?
-11
Let w(v) = -v**3 - 20*v**2 - 38*v + 4. What is w(-17)?
-217
Let l(f) = -f**3 + 2*f**2 + 75*f + 21. What is l(0)?
21
Let d(o) = 90*o + 19. Determine d(-2).
-161
Let j(t) = -2*t**2 - 12*t + 1068. What is j(20)?
28
Let s(h) = -28*h**2 + 27*h - 69. Determine s(3).
-240
Let v(s) = -s**3 + 19*s**2 - 46*s - 29. Give v(16).
3
Let o(d) = -2*d**3 + 13*d**2 + 53*d - 48. Determine o(9).
24
Let h(j) = -34*j + 2100. Calculate h(62).
-8
Let k(p) = 2*p**2 - 656*p + 1304. Determine k(2).
0
Let d(b) = 8*b**2 - 25*b - 191. What is d(-7)?
376
Let a(d) = -d**3 + 22*d**2 + 1732*d + 117. Give a(-32).
-11
Let q(x) = -x**3 + 63*x**2 + 50*x + 916. Calculate q(64).
20
Let g(t) = -5*t - 4. What is g(-7)?
31
Let s(i) = 4*i**3 - 22*i**2 + 8*i + 15. What is s(5)?
5
Let l(r) = -3*r**3 - 77*r**2 - 48*r - 10. Determine l(-25).
-60
Let i(p) = p**2 + 24*p - 48. Determine i(-26).
4
Let b(s) = 6*s**3 + 13*s**2 + 21*s + 2. Give b(-3).
-106
Let c(i) = -6*i**2 - 74*i - 138. What is c(-2)?
-14
Let w(f) = f**2 - 69*f + 40. What is w(0)?
40
Let d(o) = o**3 - 5*o**2 - 14*o - 43. Calculate d(-4).
-131
Let q(i) = i**3 + 55*i**2 - 2439*i - 255. Give q(-84).
-3
Let o(u) = -u**3 - 47*u**2 - 453*u - 5493. Calculate o(-39).
6
Let h(r) = -r**2 + 857*r + 6059. What is h(-7)?
11
Let h(w) = 138*w - 269. Give h(2).
7
Let u(a) = a**2 - 15*a - 260. Calculate u(-11).
26
Let z(n) = -n**3 + 10*n**2 + 11*n - 6. Give z(8).
210
Let t(s) = s**3 - 24*s**2 - 73*s - 199. Calculate t(27).
17
Let b(s) = -s**3 + 23*s**2 - 100*s + 18. What is b(17)?
52
Let c(r) = 2*r**2 + 21*r - 78. Give c(-14).
20
Let d(y) = -3*y**3 + 3*y**2 + 2*y - 4. Give d(3).
-52
Let b(o) = -3*o**3 + 12*o**2 - 29*o + 63. Determine b(6).
-327
Let a(q) = 6*q**3 - 98*q**2 + 40*q - 125. Calculate a(16).
3
Let z(o) = -o**2 + 13*o + 5. Give z(16).
-43
Let a(h) = -95*h + 1178. Determine a(13).
-57
Let a(c) = 176*c + 1765. What is a(-10)?
5
Let w(l) = -2*l**3 + 2*l**2 + 10*l + 22. Calculate w(5).
-128
Let u(n) = 2*n**3 + 63*n**2 - 34*n - 9. Give u(-32).
55
Let i(j) = -j**3 + 39*j**2 + 110*j + 667. Determine i(42).
-5
Let y(d) = -2*d**3 - 49*d**2 - 30*d - 169. Calculate y(-24).
-25
Let x(a) = 2*a**2 + 57*a + 288. Determine x(-18).
-90
Let g(k) = k**3 + 15*k**2 - 25*k - 583. Calculate g(-8).
65
Let u(m) = -217*m - 1275. Calculate u(-6).
27
Let j(z) = 2*z**3 + 2*z**2 + 25*z - 100. Determine j(3).
47
Let z(i) = -i**2 - 166*i - 5385. What is z(-122)?
-17
Let p(o) = -o**3 - 78*o**2 + 12*o + 299. Give p(-78).
-637
Let x(i) = i**2 - 23*i - 1145. Determine x(-24).
-17
Let w(u) = -1418*u - 8503. Give w(-6).
5
Let s(q) = 35*q**2 + 185*q + 72. Determine s(-5).
22
Let c(x) = -x**3 + 72*x**2 + 80*x - 508. What is c(73)?
3
Let n(f) = -7266*f + 29091. What is n(4)?
27
Let l(n) = 3*n**2 - 102*n + 658. What is l(9)?
-17
Let o(u) = u - 67. What is o(18)?
-49
Let u(v) = -2*v**3 + 3*v**2 + v - 2. Calculate u(-1).
2
Let a(b) = -8*b**2 + 86*b + 141. Give a(13).
-93
Let z(b) = 4*b**3 + 34*b**2 - 17*b + 7. Calculate z(-9).
-2
Let c(v) = -14*v**2 + 98*v + 423. Calculate c(10).
3
Let f(m) = m**3 - 31*m**2 + 115*m + 743. Calculate f(9).
-4
Let i(j) = -j**3 + 63*j**2 + 126*j + 223. Determine i(65).
-37
Let o(w) = -w**2 - 191*w - 2965. Calculate o(-17).
-7
Let t(b) = -56*b - 192. Give t(-3).
-24
Let z(h) = 28*h + 2075. Calculate z(-81).
-193
Let n(a) = a**3 - 13*a**2 - 62*a - 114. What is n(17)?
-12
Let g(y) = 579*y - 22012. What is g(38)?
-10
Let h(f) = -23*f**3 + 368*f**2 - 22. Give h(16).
-22
Let l(o) = 206*o + 49649. Determine l(-241).
3
Let h(z) = -3370*z - 77488. What is h(-23)?
22
Let u(z) = -3*z**3 - 3*z + 1. What is u(3)?
-89
Let p(q) = -18*q + 240. Calculate p(26).
-228
Let y(l) = -l**3 + 3*l**2 - 4*l + 2. Calculate y(2).
-2
Let r(a) = -3*a + 202. Determine r(15).
157
Let y(b) = -966*b - 3868. Determine y(-4).
-4
Let z(u) = -2*u**2 + 80*u + 937. What is z(51)?
-185
Let m(p) = p**3 - 4*p**2 - 79*p + 324. What is m(9)?
18
Let v(p) = -17*p**2 - 240*p - 1166. What is v(-5)?
-391
Let o(p) = -32*p - 171. What is o(-6)?
21
Let o(l) = 26*l + 254. Give o(-8).
46
Let l(i) = 2*i**2 - 14*i + 6. Give l(4).
-18
Let l(t) = 1240*t**2 - 95479*t - 80. What is l(77)?
-3
Let f(w) = -6*w**2 + 12*w + 7. What is f(6)?
-137
Let w(n) = 2*n**2 - 280*n + 6916. Calculate w(108).
4
Let h(k) = -k**3 - 4*k**2 - 6*k + 71. What is h(-8)?
375
Let c(i) = -2*i**2 - 64*i + 714. Calculate c(-40).
74
Let n(o) = -3*o**2 - 505*o + 2041. Calculate n(4).
-27
Let i(g) = -6*g**2 + 85*g - 64. Calculate i(14).
-50
Let l(t) = -2*t**3 - 60*t**2 + 65*t + 52. Calculate l(-31).
-41
Let f(o) = 6*o**2 + 608*o + 143. Determine f(-101).
-59
Let w(r) = -56*r**2 - 5*r - 11. Determine w(0).
-11
Let q(y) = 163*y - 6180. What is q(38)?
14
Let d(k) = -k**3 - 6*k**2 - 8*k - 7. Determine d(-3).
-10
Let v(t) = -24*t + 14. What is v(0)?
14
Let o(s) = -404*s + 4830. Calculate o(12).
-18
Let n(c) = -2*c**2 + 43*c + 200. Give n(23).
131
Let p(z) = -z**2 + 38*z - 231. Calculate p(7).
-14
Let h(w) = -w**3 - 2*w**2 + 145*w - 30. What is h(-13)?
-56
Let q(c) = c**3 + 8*c**2 + 20*c + 11. Calculate q(-8).
-149
Let f(a) = a**2 - 11*a - 93. What is f(-9)?
87
Let l(j) = -j**3 + 31*j**2 - 34*j + 11. What is l(30)?
-109
Let u(n) = 17*n**2 + 1277*n + 99. Calculate u(-75).
-51
Let g(h) = 1638*h - 8061. Determine g(5).
129
Let m(c) = -c**3 - 39*c**2 - 213*c + 141. What is m(-32)?
-211
Let t(m) = -456*m - 894. Give t(-2).
18
Let g(a) = -a**2 - 163*a + 37242. Calculate g(-291).
-6
Let h(s) = -s**2 + 200*s + 1669. What is h(-8)?
5
Let c(q) = 2*q**3 - 166*q**2 + 1583*q + 88. Give c(72).
16
Let v(i) = 34*i + 45. Give v(2).
113
Let m(a) = a**3 + 78*a**2 + a - 1. Calculate m(0).
-1
Let b(n) = n**2 + 238*n + 6060. Determine b(-29).
-1
Let p(h) = -139*h - 3621. Calculate p(-26).
-7
Let i(g) = g**3 + 177. What is i(-7)?
-166
Let l(u) = -130*u + 3388. Calculate l(26).
8
Let d(j) = -4461*j + 40160. Give d(9).
11
Let g(n) = -60*n - 34. Give g(4).
-274
Let m(t) = 2*t**2 + 187*t + 963. Give m(-90).
333
Let s(x) = 2*x**3 - 4*x**2 - 3*x + 2. What is s(-1)?
-1
Let a(z) = -z + 104. Determine a(-13).
117
Let k(q) = 7*q**2 - 178*q - 86. Determine k(26).
18
Let h(d) = -2*d**3 - 11*d**2 + 5*d - 21. Determine h(-10).
829
Let t(k) = -1227*k + 4868. Give t(4).
-40
Let w(j) = 3*j + 24. Calculate w(4).
36
Let s(a) = a**3 - 29*a**2 + 201*a + 35. Give s(17).
-16
Let t(b) = 2*b**2 + 32*b + 98. Determine t(-12).
2
Let x(a) = 29*a - 574. What is x(21)?
35
Let s(h) = -13*h - 391. What is s(-33)?
38
Let n(m) = -m**2 + 143*m - 4292. Give n(43).
8
Let v(r) = 22*r + 374. Give v(8).
550
Let f(p) = -p**3 - 33*p**2 + 69*p - 161. Give f(-35).
-126
Let n(t) = 10*t**2 + 5*t + 13. Calculate n(0).
13
Let s(m) = -6*m**2 - 103*m + 104. Give s(1).
-5
Let d(y) = y**2 + 24*y - 54. Give d(-23).
-77
Let p(z) = z**3 + 20*z**2 + 31*z - 61. Determine p(-18).
29
Let b(a) = 4*a**2 + 5*a - 87. Calculate b(9).
282
Let c(i) = -4*i**2 + 584*i + 585. Give c(-1).
-3
Let p(r) = -2*r**3 - 82*r**2 + 269*r + 9. Give p(3).
24
Let y(n) = 2*n**2 - 18*n - 88. Calculate y(-4).
16
Let n(t) = -t**2 - 57*t - 24. Calculate n(-56).
32
Let p(f) = f**2 + 602*f - 2412. Calculate p(4).
12
Let o(l) = 4*l**2 - 339*l + 1248. Determine o(81).
33
Let o(n) = -10*n**2 - 291*n - 93. What is o(-29)?
-64
Let n(z) = -6*z**2 + 54*z - 38. What is n(10)?
-98
Let b(w) = w**3 - w**2 - 55*w + 23. Give b(-7).
16
Let l(f) = 4*f + 103. Determine l(-13).
51
Let n(v) = -v**3 - 12*v. Determine n(5).
-185
Let a(b) = b**3 - 38*b**2 + 166*b - 47. What is a(33)?
-14
Let u(l) = -5*l**3 - 5*l**2 - 3*l + 3. What is u(-2)?
29
Let s(i) = -79*i - 2859. What is s(-39)?
222
Let s(f) = f**2 - 39*f - 97. What is s(40)?
-57
Let z(p) = -p**3 + 12*p**2 + 346*p - 3889. What is z(11)?
38
Let p(y) = 81*y - 2870. What is p(36)?
46
Let s(k) = -5*k**2 - 13*k + 47. Calculate s(4).
-85
Let z(y) = 5*y**2 + 978*y + 3455. Calculate